{"id":3,"date":"2025-05-04T13:38:16","date_gmt":"2025-05-04T11:38:16","guid":{"rendered":"http:\/\/sv-og-tuttlingen.com\/?page_id=3"},"modified":"2025-05-04T15:50:11","modified_gmt":"2025-05-04T13:50:11","slug":"datenschutzerklaerung","status":"publish","type":"page","link":"https:\/\/sv-og-tuttlingen.com\/index.php\/datenschutzerklaerung\/","title":{"rendered":"Datenschutzerkl\u00e4rung"},"content":{"rendered":"\r\n<h3 class=\"wp-block-heading\"><strong>Datenschutzerkl\u00e4rung nach der DSGVO<\/strong><\/h3>\r\n<p>Datenschutz und Datensicherheit f\u00fcr Besucher unserer Website haben f\u00fcr uns eine hohe Bedeutung. Die Erhebung Ihrer Daten erfolgt im Rahmen der gesetzlichen Vorschriften.<\/p>\r\n<p>Wenn Sie unsere Website nutzen, erkl\u00e4ren Sie sich mit den Bedingungen einverstanden, die in diesen rechtlichen Hinweisen enthalten sind.<\/p>\r\n<p>Sollten Sie mit unseren Bedingungen nicht einverstanden sein, verlassen Sie bitte unverz\u00fcglich unsere Website.<\/p>\r\n<p>&nbsp;<\/p>\r\n<p><strong>Grunds\u00e4tzliches<\/strong><br>Jedes Mal, wenn Sie unsere Website besuchen, auf eine Seite von www.sv-og-tuttlingen.com sowie deren Unterseiten zugreifen und eine Datei abrufen, werden \u00fcber diesen Vorgang Daten in einer Protokolldatei gespeichert. Diese Speicherung dient ausschlie\u00dflich dem internen System bezogenen und statistischen Zwecken. Im Einzelnen wird \u00fcber jeden Abruf folgender Datensatz gespeichert:<\/p>\r\n<p>Name der abgerufenen Datei<br>Datum und Uhrzeit des Abrufs<br>\u00fcbertragene Datenmenge<br>Erfolgsmeldung des Abrufs<br>Beschreibung des verwendeten Browser-Typs<br>angefragte Domaine<br>IP-Adresse<br>Dar\u00fcber hinausgehende personenbezogene Angaben wie Ihr Name, Ihre Anschrift, Telefonnummer oder E-Mail-Adresse werden nicht erfasst, es sei denn, Sie machen diese Angaben freiwillig, z.B. im Rahmen einer von Ihnen gew\u00fcnschten Registrierung oder einer Informationsanfrage.<\/p>\r\n<p>Auch hier werden Ihre Daten vertraulich behandelt und nicht an Dritte weitergegeben, sofern nicht die Ortsgruppe und der Verein f\u00fcr Deutsche Sch\u00e4ferhunde (SV) e.V. hierzu gesetzlich verpflichtet ist. Die Nutzenden haben das Recht, auf Antrag unentgeltlich Auskunft \u00fcber die \u00fcber sie gespeicherten personenbezogenen Daten zu erhalten. Zus\u00e4tzlich haben Sie nach Ma\u00dfgabe der gesetzlichen Bestimmungen ein Recht auf Berichtigung, Einschr\u00e4nkung der Verarbeitung und L\u00f6schung dieser personenbezogenen Daten. Ferner haben Sie das Recht auf Datenportabilit\u00e4t.<\/p>\r\n<p>Sie k\u00f6nnen der Verarbeitung Ihrer Daten durch uns jederzeit und ohne Angabe von Gr\u00fcnden widersprechen. Der Widerspruch hat keine r\u00fcckwirkende Auswirkung.<\/p>\r\n<p><strong>DATENSCHUTZINFORMATION ZUR DATENVERARBEITUNG UND -NUTZUNG NACH DER DATENSCHUTZGRUNDVERORDNUNG (DSGVO)<\/strong><\/p>\r\n<p>Wir m\u00f6chten unsere Mitglieder&nbsp;dar\u00fcber informieren, dass die in der Beitrittserkl\u00e4rung angegebenen Daten \u00fcber ihre pers\u00f6nlichen und sachlichen Verh\u00e4ltnisse (sogenannte personenbezogene Daten) auf Datenverarbeitungssystemen gespeichert und f\u00fcr Verwaltungszwecken verarbeitet und genutzt werden.<\/p>\r\n<p>Verantwortliche Stelle ist die Ortsgruppe Tuttlingen im Verein f\u00fcr Deutsche Sch\u00e4ferhunde (SV) e.V.<\/p>\r\n<p>Anschrift: Titiseestr. 41, D-78532 Tuttlingen, E-Mail: info@sv-og-tuttlingen.com<\/p>\r\n<p>Die Mitgliedschaft im Verein ist ein Vertragsverh\u00e4ltnis zwischen den Mitgliedern und dem Verein, dessen Vertragsinhalt im Wesentlichen durch die Vereinssatzung und Ordnungen vorgegeben wird. Diese bestimmen insoweit die Vereinsziele, f\u00fcr welche die Mitgliederdaten genutzt werden. Die Satzung kann jederzeit beim Vorstand eingesehen werden.<\/p>\r\n<p>Ihre im Mitgliedsantrag angegebenen personenbezogenen Daten sind zum Zwecke der Durchf\u00fchrung des entstandenen Vertragsverh\u00e4ltnisses erforderlich und werden auf Grundlage des Artikels 6 Abs. 1 Lit b DSGVO erhoben.<\/p>\r\n<p>Dar\u00fcber hinaus kann im Einzelfall auch die Verarbeitung auf Grundlage des Art. 6 Abs. 1 Lit f DSGVO erfolgen, wenn sie zur Wahrung der berechtigten Interessen des Vereins oder eines Dritten erforderlich ist.<\/p>\r\n<p>Eine \u00dcbermittlung von Teilen dieser Daten an die jeweilige Landesgruppe und den Hauptverein findet im Rahmen der in den Satzungen festgelegten Zwecke statt. Diese Daten\u00fcbermittlungen sind notwendig zum Zwecke der Mitgliederverwaltung zwischen dem Hauptverein, den Landesgruppen und den Ortsgruppen. Die Datenverarbeitung&nbsp;umfasst auch die sachlichen Verh\u00e4ltnisse zum Hund und eines Wettkampfbetriebes mit Hunden in Form von Pr\u00fcfungen, Ausstellungen, Agility-Wettbewerben oder sonstigen sportlichen Veranstaltungen.<\/p>\r\n<p>Durch Ihre Mitgliedschaft und die damit verbundene Anerkennung der Satzungen und Ordnungen stimmen die Mitglieder au\u00dferdem der Ver\u00f6ffentlichung von Bildern und Namen in Print- und Telemedien sowie elektronischen Medien des Vereins zu, soweit dies den satzungsgem\u00e4\u00dfen Aufgaben und Zwecken des Vereins entspricht.<\/p>\r\n<p>Beachten Sie bitte, dass unsere Internetseiten auch f\u00fcr Suchmaschinen zug\u00e4nglich sind. Sie m\u00fcssen daher damit rechnen, dass Ihr Name und Ihr Bild auch von Suchmaschinen gefunden und dort oder an anderer Stelle gespeichert werden kann. Mithin kann durch uns nicht ausgeschlossen werden, dass Ihr Foto auch nach L\u00f6schung durch uns anderweitig verf\u00fcgbar bleibt.1<\/p>\r\n<p>Eine gezielte \u00dcbermittlung Ihrer personenbezogenen Daten in ein sog. Drittland ist nicht geplant; gleichwohl ist nat\u00fcrlich bei unseren Internetseiten nicht ausgeschlossen, dass diese auch aus L\u00e4ndern aufgerufen werden, die \u00fcber kein angemessenes Datenschutzniveau verf\u00fcgen.<\/p>\r\n<p>Wir speichern und verarbeiten Ihre Fotodaten und Informationen bis zu einem Widerruf Ihrer Einwilligung bzw. einem Widerspruch gegen die Verwendung der Daten in Printdokumenten.<\/p>\r\n<p>Die DSGVO verpflichtet uns, Sie \u00fcber die Verwendung und Verarbeitung Ihrer personenbezogenen Daten zu unterrichten.<\/p>\r\n<p>Wir sichern Ihnen zu, Ihre personenbezogenen Daten vertraulich zu behandeln und nicht an Dritte weiterzugeben, sofern nicht die Ortsgruppe Niedereschach hierzu gesetzlich verpflichtet ist.<\/p>\r\n<p>Sie haben das Recht, auf Antrag unentgeltlich Auskunft \u00fcber Ihre hier gespeicherten personenbezogenen Daten zu&nbsp;erhalten.<\/p>\r\n<p>Ferner haben Sie nach Ma\u00dfgabe der gesetzlichen Bestimmungen ein Recht auf Berichtigung, Einschr\u00e4nkung der Verarbeitung und L\u00f6schung Ihrer personenbezogenen Daten. Sie k\u00f6nnen der Verarbeitung Ihrer Daten durch uns jederzeit und ohne Angaben von Gr\u00fcnden widersprechen (per E-Mail: info@sv-og-tuttlingen.com). Der Widerspruch hat keine r\u00fcckwirkende Auswirkung. Er ist zu richten an die Ortsgruppe Niedereschach. Im Fall Ihres Widerspruchs kann es sein, dass Sie Dienste von uns nicht oder nur eingeschr\u00e4nkt nutzen k\u00f6nnen. Auch die Aus\u00fcbung von Ihren Mitgliederrechten kann erschwert oder dadurch sogar unm\u00f6glich werden.<\/p>\r\n<p>Eine L\u00f6schung der personenbezogenen Daten erfolgt nach 2 Jahren nach Beendigung der Mitgliedschaft, soweit&nbsp;zur Erf\u00fcllung der satzungsm\u00e4\u00dfigen Zwecke keine l\u00e4ngere Aufbewahrung notwendig ist und keine gesetzlichen Regelungen eine l\u00e4ngere Aufbewahrungsfrist vorsehen.<\/p>\r\n<p>Sie haben das Recht, sich bei unserem Vorstand oder bei einer Aufsichtsbeh\u00f6rde zu beschweren.<\/p>\r\n<p>&nbsp;<\/p>","protected":false},"excerpt":{"rendered":"<p>Datenschutzerkl\u00e4rung nach der DSGVO Datenschutz und Datensicherheit f\u00fcr Besucher unserer Website haben f\u00fcr uns eine hohe Bedeutung. Die Erhebung Ihrer Daten erfolgt im Rahmen der gesetzlichen Vorschriften. Wenn Sie unsere Website nutzen, erkl\u00e4ren Sie sich mit den Bedingungen einverstanden, die in diesen rechtlichen Hinweisen enthalten sind. Sollten Sie mit unseren Bedingungen nicht einverstanden sein, verlassen [&hellip;]<\/p>\n","protected":false},"author":1,"featured_media":0,"parent":0,"menu_order":0,"comment_status":"closed","ping_status":"open","template":"","meta":{"_monsterinsights_skip_tracking":false,"_monsterinsights_sitenote_active":false,"_monsterinsights_sitenote_note":"","_monsterinsights_sitenote_category":0,"_uf_show_specific_survey":0,"_uf_disable_surveys":false,"footnotes":""},"class_list":["post-3","page","type-page","status-publish","hentry"],"aioseo_notices":[],"_links":{"self":[{"href":"https:\/\/sv-og-tuttlingen.com\/index.php\/wp-json\/wp\/v2\/pages\/3","targetHints":{"allow":["GET"]}}],"collection":[{"href":"https:\/\/sv-og-tuttlingen.com\/index.php\/wp-json\/wp\/v2\/pages"}],"about":[{"href":"https:\/\/sv-og-tuttlingen.com\/index.php\/wp-json\/wp\/v2\/types\/page"}],"author":[{"embeddable":true,"href":"https:\/\/sv-og-tuttlingen.com\/index.php\/wp-json\/wp\/v2\/users\/1"}],"replies":[{"embeddable":true,"href":"https:\/\/sv-og-tuttlingen.com\/index.php\/wp-json\/wp\/v2\/comments?post=3"}],"version-history":[{"count":1,"href":"https:\/\/sv-og-tuttlingen.com\/index.php\/wp-json\/wp\/v2\/pages\/3\/revisions"}],"predecessor-version":[{"id":237,"href":"https:\/\/sv-og-tuttlingen.com\/index.php\/wp-json\/wp\/v2\/pages\/3\/revisions\/237"}],"wp:attachment":[{"href":"https:\/\/sv-og-tuttlingen.com\/index.php\/wp-json\/wp\/v2\/media?parent=3"}],"curies":[{"name":"wp","href":"https:\/\/api.w.org\/{rel}","templated":true}]}}