{"id":339,"date":"2025-06-08T09:07:27","date_gmt":"2025-06-08T07:07:27","guid":{"rendered":"http:\/\/wp1008941.server-he.de\/?page_id=339"},"modified":"2026-01-27T12:10:47","modified_gmt":"2026-01-27T11:10:47","slug":"vereinsmeister","status":"publish","type":"page","link":"https:\/\/sv-og-tuttlingen.com\/index.php\/vereinsmeister\/","title":{"rendered":"Vereinsmeister"},"content":{"rendered":"\r\n<h2 class=\"wp-block-heading\">Vereinsmeister 2025 (IGP3 mit A 98 B 82 C 98)<\/h2>\r\n<h2>\r\n\r\n<\/h2>\r\n<p>Franz-Josef Jaumann<br \/>mit<br \/>Poldi vom Weinbergblick geb. 13.6.2021<br \/>V : Maddox v. Pentavita <br \/>M: Yara v. Weinbergblick<\/p>\r\n<p><img loading=\"lazy\" decoding=\"async\" class=\"alignnone wp-image-756 size-large\" src=\"http:\/\/sv-og-tuttlingen.com\/wp-content\/uploads\/Franz-mit-Poldi-2-610x1024.jpeg\" alt=\"\" width=\"610\" height=\"1024\" srcset=\"https:\/\/sv-og-tuttlingen.com\/wp-content\/uploads\/Franz-mit-Poldi-2-610x1024.jpeg 610w, https:\/\/sv-og-tuttlingen.com\/wp-content\/uploads\/Franz-mit-Poldi-2-179x300.jpeg 179w, https:\/\/sv-og-tuttlingen.com\/wp-content\/uploads\/Franz-mit-Poldi-2-768x1290.jpeg 768w, https:\/\/sv-og-tuttlingen.com\/wp-content\/uploads\/Franz-mit-Poldi-2-915x1536.jpeg 915w, https:\/\/sv-og-tuttlingen.com\/wp-content\/uploads\/Franz-mit-Poldi-2.jpeg 1061w\" sizes=\"auto, (max-width: 610px) 100vw, 610px\" \/><\/p>\r\n<h2>\u00a0<\/h2>\r\n<h2 class=\"wp-block-heading\">Vereinsmeister 2024 (IGP1)<\/h2>\r\n\r\n\r\n\r\n<p>Wolfgang Grimm<br \/>mit<br \/>Silas vom K\u00f6nigsforst, geb. 30.03.2020<br \/>V: Varus von der Bleichstra\u00dfe Markus Schlee<br \/>M: Imani vom K\u00f6nigsforst Mario Schlindwein<\/p>\r\n\r\n\r\n\r\n<figure class=\"wp-block-image size-large\"><img decoding=\"async\" class=\"wp-image-212\" src=\"http:\/\/sv-og-tuttlingen.com\/wp-content\/uploads\/wunds-1024x682.jpeg\" alt=\"\" \/><\/figure>\r\n","protected":false},"excerpt":{"rendered":"<p>Vereinsmeister 2025 (IGP3 mit A 98 B 82 C 98) Franz-Josef JaumannmitPoldi vom Weinbergblick geb. 13.6.2021V : Maddox v. Pentavita M: Yara v. Weinbergblick \u00a0 Vereinsmeister 2024 (IGP1) Wolfgang GrimmmitSilas vom K\u00f6nigsforst, geb. 30.03.2020V: Varus von der Bleichstra\u00dfe Markus SchleeM: Imani vom K\u00f6nigsforst Mario Schlindwein<\/p>\n","protected":false},"author":1,"featured_media":0,"parent":0,"menu_order":0,"comment_status":"closed","ping_status":"closed","template":"","meta":{"_monsterinsights_skip_tracking":false,"_monsterinsights_sitenote_active":false,"_monsterinsights_sitenote_note":"","_monsterinsights_sitenote_category":0,"_uf_show_specific_survey":0,"_uf_disable_surveys":false,"footnotes":""},"class_list":["post-339","page","type-page","status-publish","hentry"],"aioseo_notices":[],"_links":{"self":[{"href":"https:\/\/sv-og-tuttlingen.com\/index.php\/wp-json\/wp\/v2\/pages\/339","targetHints":{"allow":["GET"]}}],"collection":[{"href":"https:\/\/sv-og-tuttlingen.com\/index.php\/wp-json\/wp\/v2\/pages"}],"about":[{"href":"https:\/\/sv-og-tuttlingen.com\/index.php\/wp-json\/wp\/v2\/types\/page"}],"author":[{"embeddable":true,"href":"https:\/\/sv-og-tuttlingen.com\/index.php\/wp-json\/wp\/v2\/users\/1"}],"replies":[{"embeddable":true,"href":"https:\/\/sv-og-tuttlingen.com\/index.php\/wp-json\/wp\/v2\/comments?post=339"}],"version-history":[{"count":8,"href":"https:\/\/sv-og-tuttlingen.com\/index.php\/wp-json\/wp\/v2\/pages\/339\/revisions"}],"predecessor-version":[{"id":760,"href":"https:\/\/sv-og-tuttlingen.com\/index.php\/wp-json\/wp\/v2\/pages\/339\/revisions\/760"}],"wp:attachment":[{"href":"https:\/\/sv-og-tuttlingen.com\/index.php\/wp-json\/wp\/v2\/media?parent=339"}],"curies":[{"name":"wp","href":"https:\/\/api.w.org\/{rel}","templated":true}]}}